{"id":476,"date":"2017-11-01T13:28:31","date_gmt":"2017-11-01T17:28:31","guid":{"rendered":"http:\/\/umaipur.uprrp.edu\/?page_id=476"},"modified":"2021-08-02T16:02:21","modified_gmt":"2021-08-02T20:02:21","slug":"orientacion-a-editores","status":"publish","type":"page","link":"https:\/\/umaipur.uprrp.edu\/index.php\/orientacion-a-editores\/","title":{"rendered":"Orientaci\u00f3n a editores"},"content":{"rendered":"<p>Latindex PR ofrece regularmente orientaciones sobre edici\u00f3n de revistas cient\u00edficas, tanto de manera personal, a petici\u00f3n de los editores, como mediante actividades coordinadas con las instituciones interesadas. En las orientaciones se atiende el trabajo con la revista impresa y con la electr\u00f3nica, pero el \u00e9nfasis se pone en esta \u00faltima. Los cambios en los procesos de la comunicaci\u00f3n cient\u00edfica, asociados al paradigma de la cultura digital, han tra\u00eddo como consecuencia la proliferaci\u00f3n de revistas en formato electr\u00f3nico y, si bien hay aspectos centrales del proceso editorial que se mantienen inalterables, otros cambian sustancialmente, por lo que resulta imprescindible tomarlos en cuenta, as\u00ed como nuevos elementos propios del medio electr\u00f3nico que condicionan la calidad de la publicaci\u00f3n.<\/p>\n<p>El objetivo es brindar a los participantes directrices para trabajar la edici\u00f3n de revistas cient\u00edficas, t\u00e9cnico-profesionales y de divulgaci\u00f3n cient\u00edfica y cultural, atendiendo cuestiones sobre la concepci\u00f3n misma de la publicaci\u00f3n, sus objetivos y estructura, la pol\u00edtica editorial, los modelos de arbitraje, los criterios de calidad editorial, las normas internacionales, los indicadores de visibilidad e impacto, las modalidades de acceso y los aspectos legales asociados a las mismas, la utilizaci\u00f3n de sistemas para la publicaci\u00f3n electr\u00f3nica y aspectos \u00e9ticos del proceso editorial.<\/p>\n<p><strong>Colaboradores regulares<\/strong>:<\/p>\n<p>Snejanka Penkova, Ph. D.<br \/>\nBiblioteca de la Facultad de Administraci\u00f3n de Empresas<br \/>\nUniversidad de Puerto Rico, Recinto de R\u00edo Piedras.<\/p>\n","protected":false},"excerpt":{"rendered":"<p>Latindex PR ofrece regularmente orientaciones sobre edici\u00f3n de revistas cient\u00edficas, tanto de manera personal, a petici\u00f3n de los editores, como mediante actividades coordinadas con las instituciones interesadas. En las orientaciones se atiende el trabajo con la revista impresa y con la electr\u00f3nica, pero el \u00e9nfasis se pone en esta \u00faltima. Los cambios en los procesos<\/p>\n<div class=\"read-more\"><a href=\"https:\/\/umaipur.uprrp.edu\/index.php\/orientacion-a-editores\/\" title=\"Read More\">Read More<\/a><\/div>\n","protected":false},"author":3,"featured_media":0,"parent":0,"menu_order":0,"comment_status":"closed","ping_status":"closed","template":"","meta":{"footnotes":""},"class_list":["post-476","page","type-page","status-publish"],"_links":{"self":[{"href":"https:\/\/umaipur.uprrp.edu\/index.php\/wp-json\/wp\/v2\/pages\/476","targetHints":{"allow":["GET"]}}],"collection":[{"href":"https:\/\/umaipur.uprrp.edu\/index.php\/wp-json\/wp\/v2\/pages"}],"about":[{"href":"https:\/\/umaipur.uprrp.edu\/index.php\/wp-json\/wp\/v2\/types\/page"}],"author":[{"embeddable":true,"href":"https:\/\/umaipur.uprrp.edu\/index.php\/wp-json\/wp\/v2\/users\/3"}],"replies":[{"embeddable":true,"href":"https:\/\/umaipur.uprrp.edu\/index.php\/wp-json\/wp\/v2\/comments?post=476"}],"version-history":[{"count":3,"href":"https:\/\/umaipur.uprrp.edu\/index.php\/wp-json\/wp\/v2\/pages\/476\/revisions"}],"predecessor-version":[{"id":1708,"href":"https:\/\/umaipur.uprrp.edu\/index.php\/wp-json\/wp\/v2\/pages\/476\/revisions\/1708"}],"wp:attachment":[{"href":"https:\/\/umaipur.uprrp.edu\/index.php\/wp-json\/wp\/v2\/media?parent=476"}],"curies":[{"name":"wp","href":"https:\/\/api.w.org\/{rel}","templated":true}]}}