{"id":156,"date":"2016-11-09T22:26:18","date_gmt":"2016-11-09T22:26:18","guid":{"rendered":"http:\/\/umaipur.uprrp.edu\/wp\/?page_id=156"},"modified":"2023-02-16T17:17:48","modified_gmt":"2023-02-16T21:17:48","slug":"equipo-de-trabajo","status":"publish","type":"page","link":"https:\/\/umaipur.uprrp.edu\/index.php\/equipo-de-trabajo\/","title":{"rendered":"Equipo de trabajo"},"content":{"rendered":"<p>Carlos A. Su\u00e1rez Balseiro, Ph.D. Catedr\u00e1tico (2013-actualidad &#8211; Coordinador)<br \/>\nPrograma Graduado en Ciencias de la Informaci\u00f3n<br \/>\nFacultad de Comunicaci\u00f3n e Informaci\u00f3n<br \/>\nUniversidad de Puerto Rico, Recinto de R\u00edo Piedras<br \/>\nCorreo electr\u00f3nico: carlos.suarez5@upr.edu<br \/>\n<a title=\"ORCID\" href=\"https:\/\/orcid.org\/0000-0002-3908-9618\">https:\/\/orcid.org\/0000-0002-3908-9618<\/a><\/p>\n<p>Mariano Maura Sard\u00f3, Ph.D. Catedr\u00e1tico (Retirado. 2013-2020).<br \/>\nPrograma Graduado en Ciencias de la Informaci\u00f3n<br \/>\nFacultad de Comunicaci\u00f3n e Informaci\u00f3n<br \/>\nUniversidad de Puerto Rico, Recinto de R\u00edo Piedras<br \/>\nCorreo electr\u00f3nico: mariano.maura@upr.edu<br \/>\n<a title=\"ORCID\" href=\"https:\/\/orcid.org\/0000-0002-3097-8718\">https:\/\/orcid.org\/0000-0002-3097-8718<\/a><\/p>\n<p>Snejanka Penkova,\u00a0Ph.D. (2020-actualidad)<br \/>\nBiblioteca de la Facultad de Administraci\u00f3n de Empresas<br \/>\nUniversidad de Puerto Rico, Recinto de R\u00edo Piedras.<br \/>\n<a title=\"ORCID\" href=\"https:\/\/orcid.org\/0000-0002-5707-8111\">https:\/\/orcid.org\/0000-0002-5707-8111<\/a><\/p>\n<p>Cl\u00e1udia Daniele De Souza, Ph.D. (2022-actualidad)<br \/>\nPrograma Graduado en Ciencias de la Informaci\u00f3n<br \/>\nFacultad de Comunicaci\u00f3n e Informaci\u00f3n<br \/>\nUniversidad de Puerto Rico, Recinto de R\u00edo Piedras<br \/>\nhttps:\/\/orcid.org\/0000-0002-4168-9399<\/p>\n<p><strong>Asistentes de Investigaci\u00f3n<\/strong><\/p>\n<p><strong>2018-2022<\/strong><\/p>\n<p>Holguino, Jos\u00e9 Carlos (PEAF-VPIT)<br \/>\nPrograma de Doctorado en Econom\u00eda<br \/>\nFacultad de Ciencias Sociales<br \/>\nUniversidad de Puerto Rico, Recinto de R\u00edo Piedras<\/p>\n<p><strong>2021-2022<\/strong><\/p>\n<p>Monta\u00f1ez Negr\u00f3n, Jorge A.<br \/>\nHumanidades, Concentraci\u00f3n en M\u00fasica y Comunicaci\u00f3n<br \/>\nFacultad de Humanidades, UPR R\u00edo Piedras<br \/>\nSecci\u00f3n: <a href=\"https:\/\/umaipur.uprrp.edu\/index.php\/podcast-al-dia-con-la-investigacion\/\">Serie de podcasts\u00a0<em>Al d\u00eda con la investigaci\u00f3n<\/em><\/a><\/p>\n<p><strong>2018-2019<\/strong><\/p>\n<p>Paredes Hern\u00e1ndez, Ver\u00f3nica<br \/>\nFacultad de Comunicaciones<br \/>\nPrograma de Informaci\u00f3n y Periodismo, UPR R\u00edo Piedras<br \/>\nSecci\u00f3n: <a href=\"https:\/\/umaipur.uprrp.edu\/index.php\/podcast-al-dia-con-la-investigacion\/\">Serie de podcasts\u00a0<em>Al d\u00eda con la investigaci\u00f3n<\/em><\/a><\/p>\n<p>Barreto Rosa, Ver\u00f3nica<br \/>\nFacultad de Comunicaciones<br \/>\nPrograma de Informaci\u00f3n y Periodismo, UPR R\u00edo Piedras<br \/>\nSecci\u00f3n: <a href=\"https:\/\/umaipur.uprrp.edu\/index.php\/podcast-al-dia-con-la-investigacion\/\">Serie de podcasts\u00a0<em>Al d\u00eda con la investigaci\u00f3n<\/em><\/a><\/p>\n<p>Adames, Eileene (PEAF-EGCTI)<br \/>\nPrograma Doctoral de Psicolog\u00eda, UPR R\u00edo Piedras<br \/>\nSecci\u00f3n:<a href=\"https:\/\/umaipur.uprrp.edu\/index.php\/indicadores-upr\/\"> Indicadores para el seguimiento y an\u00e1lisis de la investigaci\u00f3n cient\u00edfica<\/a><\/p>\n<p>Cora Rodr\u00edguez, Ishbel<br \/>\nEscuela de Comunicaci\u00f3n<br \/>\nPrograma de Informaci\u00f3n y Periodismo, UPR R\u00edo Piedras<br \/>\nSecci\u00f3n: <a href=\"https:\/\/umaipur.uprrp.edu\/index.php\/podcast-al-dia-con-la-investigacion\/\">Serie de podcasts\u00a0<em>Al d\u00eda con la investigaci\u00f3n<\/em><\/a><\/p>\n<p><strong>2016-2017<\/strong><\/p>\n<p>Adames, Eileene (PEAF-EGCTI)<br \/>\nPrograma Doctoral de Psicolog\u00eda, UPR R\u00edo Piedras<br \/>\nSecci\u00f3n:<a href=\"https:\/\/umaipur.uprrp.edu\/index.php\/indicadores-upr\/\"> Indicadores para el seguimiento y an\u00e1lisis de la investigaci\u00f3n cient\u00edfica<\/a><\/p>\n<p>Santos, Rosadel (PEAF-EGCTI)<br \/>\nPrograma de Maestr\u00eda en Ciencias de la Informaci\u00f3n, EGCTI UPR R\u00edo Piedras<br \/>\nSecci\u00f3n:<a href=\"https:\/\/umaipur.uprrp.edu\/index.php\/indicadores-upr\/\"> Indicadores para el seguimiento y an\u00e1lisis de la investigaci\u00f3n cient\u00edfica<\/a><\/p>\n<p><strong>2014-2015<\/strong><\/p>\n<p>Jimenez Barr\u00f3n, Gabriel (Capstone-EGCTI)<br \/>\nEstudiante Graduado, Escuela Graduada de Ciencias y Tecnolog\u00edas de la Informaci\u00f3n, UPRRP.<br \/>\nSecci\u00f3n:<a href=\"https:\/\/umaipur.uprrp.edu\/index.php\/indicadores-upr\/\"> Indicadores para el seguimiento y an\u00e1lisis de la investigaci\u00f3n cient\u00edfica<\/a><\/p>\n<p>Par\u00e9s Ramos, Tania. Estudiante PEAF (EGCTI)<br \/>\nEstudiante de Maestr\u00eda, Escuela Graduada de Ciencias y Tecnolog\u00edas de la Informaci\u00f3n, UPRRP (2014).<br \/>\nBibliotecaria Auxiliar I, Biblioteca de Ciencias Bibliotecarias e Inform\u00e1tica.<br \/>\nSecci\u00f3n:<a href=\"https:\/\/umaipur.uprrp.edu\/index.php\/indicadores-upr\/\"> Indicadores para el seguimiento y an\u00e1lisis de la investigaci\u00f3n cient\u00edfica<\/a><\/p>\n<p>Rodr\u00edguez S\u00e1nchez, Glorimar.\u00a0 Estudiante PEAF (EGCTI)<br \/>\nPrograma de Maestr\u00eda, Escuela Graduada de Ciencias y Tecnolog\u00edas de la Informaci\u00f3n, UPRRP (2013).<br \/>\nSecci\u00f3n:<a href=\"https:\/\/umaipur.uprrp.edu\/index.php\/indicadores-upr\/\"> Indicadores para el seguimiento y an\u00e1lisis de la investigaci\u00f3n cient\u00edfica<\/a><\/p>\n<p>Claudio Rivera, Especialista inform\u00e1tico.<br \/>\nContrato de servicios (2014-2015)<\/p>\n","protected":false},"excerpt":{"rendered":"<p>Carlos A. Su\u00e1rez Balseiro, Ph.D. Catedr\u00e1tico (2013-actualidad &#8211; Coordinador) Programa Graduado en Ciencias de la Informaci\u00f3n Facultad de Comunicaci\u00f3n e Informaci\u00f3n Universidad de Puerto Rico, Recinto de R\u00edo Piedras Correo electr\u00f3nico: carlos.suarez5@upr.edu https:\/\/orcid.org\/0000-0002-3908-9618 Mariano Maura Sard\u00f3, Ph.D. Catedr\u00e1tico (Retirado. 2013-2020). Programa Graduado en Ciencias de la Informaci\u00f3n Facultad de Comunicaci\u00f3n e Informaci\u00f3n Universidad de Puerto<\/p>\n<div class=\"read-more\"><a href=\"https:\/\/umaipur.uprrp.edu\/index.php\/equipo-de-trabajo\/\" title=\"Read More\">Read More<\/a><\/div>\n","protected":false},"author":3,"featured_media":0,"parent":0,"menu_order":0,"comment_status":"closed","ping_status":"closed","template":"","meta":{"footnotes":""},"class_list":["post-156","page","type-page","status-publish"],"_links":{"self":[{"href":"https:\/\/umaipur.uprrp.edu\/index.php\/wp-json\/wp\/v2\/pages\/156","targetHints":{"allow":["GET"]}}],"collection":[{"href":"https:\/\/umaipur.uprrp.edu\/index.php\/wp-json\/wp\/v2\/pages"}],"about":[{"href":"https:\/\/umaipur.uprrp.edu\/index.php\/wp-json\/wp\/v2\/types\/page"}],"author":[{"embeddable":true,"href":"https:\/\/umaipur.uprrp.edu\/index.php\/wp-json\/wp\/v2\/users\/3"}],"replies":[{"embeddable":true,"href":"https:\/\/umaipur.uprrp.edu\/index.php\/wp-json\/wp\/v2\/comments?post=156"}],"version-history":[{"count":23,"href":"https:\/\/umaipur.uprrp.edu\/index.php\/wp-json\/wp\/v2\/pages\/156\/revisions"}],"predecessor-version":[{"id":1870,"href":"https:\/\/umaipur.uprrp.edu\/index.php\/wp-json\/wp\/v2\/pages\/156\/revisions\/1870"}],"wp:attachment":[{"href":"https:\/\/umaipur.uprrp.edu\/index.php\/wp-json\/wp\/v2\/media?parent=156"}],"curies":[{"name":"wp","href":"https:\/\/api.w.org\/{rel}","templated":true}]}}